 = -5*k**3 + 2*k**2 + 3*k. Let v be r(-2). Let j = -34 + v. Suppose -h = -56 - j. What is the units digit of h?
4
Let l(m) = 1754*m + 10286. What is the units digit of l(20)?
6
Suppose 42845 = 5*q - 5*r, -9*r + 14*r - 25739 = -3*q. What is the hundreds digit of q?
5
Let r(y) be the first derivative of 105*y**4 + y**3/3 + y**2 - y + 30. What is the tens digit of r(1)?
2
What is the units digit of 93/6*308 + 6?
0
Let p(i) = i**3 - 30*i**2 + 25*i + 11. Let f be p(29). Let w = 309 - f. What is the tens digit of w?
1
Let z be (-10473)/((180/16)/15). What is the tens digit of 48/26 + -2 - z/13?
7
Let z(d) = d**2 - 14*d + 10. Let p be z(13). Let g = 1 - p. What is the units digit of (3 - -46) + g + 3?
6
What is the hundreds digit of (-27)/(-486)*17583 + 10/(-12)?
9
Let t = -344 - -166. What is the tens digit of 32/(-10)*(t - (3 + -6))?
6
Suppose 4*a = 24 - 16, 5*k = 5*a + 5170. What is the units digit of k?
6
Suppose -939 = -r + 2*i, -4*i + 1266 + 3513 = 5*r. What is the hundreds digit of r?
9
Let y = -44 - -48. Let s be 12*1/(24/y). Suppose -m + 99 = -s*a, -3*a = -2*m - 5*a + 180. What is the units digit of m?
3
Let z(v) = -v**2 + 12*v + 28. Let l be z(14). Suppose l*f = 2*r + 2*f - 176, f + 84 = r. What is the tens digit of r?
8
Let q = 57738 + -33069. What is the tens digit of q?
6
Let l = -385 - -397. Let q(p) = -2*p**3 + 31*p**2 - 2*p + 18. What is the tens digit of q(l)?
0
Let q be (-2)/(-9) + 0 + 48/27. Let w be (4/q)/(8/28). Suppose 0*n + w*n = 1274. What is the tens digit of n?
8
Let w = 54 - 53. Let g be 72/30 + w/(10/(-4)). Suppose g*q - j - 145 = -9, 0 = q + 3*j - 68. What is the units digit of q?
8
Let l = 228 - 178. Suppose -44*z - 1422 = -l*z. What is the hundreds digit of z?
2
What is the hundreds digit of (771/6)/(9/(-252)*-7)?
5
Suppose 9 = 3*a - 3. Suppose -c + a = -2*b, b + 3*c - 16 = -4. Suppose b = -24*y + 14*y + 2420. What is the hundreds digit of y?
2
What is the tens digit of (1114/130)/((-38)/(-237310)) + (-4)/(-26)?
1
Let q(w) = w**3 + 14*w**2 - 15*w + 15. Let g be q(-15). Suppose 8*r = 55 - g. Suppose 2*u + d - 86 = 0, 3*d + 17 + 198 = r*u. What is the units digit of u?
3
Let f = 90 - 34. Suppose -2*d - 5 = 5*a + 3*d, -3*a + 2 = -2*d. Suppose 3*w - y - f = a, -w = y - 3 - 21. What is the units digit of w?
0
What is the units digit of (-6)/(-51) + (4325312/272 - -9)?
1
Let d(b) = -23*b - 97. Let k be (60/(-8))/(0 - 2/(-4)). What is the units digit of d(k)?
8
Let o(d) = 13*d + 22. Suppose -j = -3*j - 14. Let n be o(j). Let h = -23 - n. What is the units digit of h?
6
Let w be 857 - 4/(-16)*-20. Suppose -3*v - w = -3*u, u + 19*v - 16*v - 280 = 0. What is the units digit of u?
3
Let a = 1897 - 2797. Let h = 1500 + a. What is the units digit of h?
0
Let p(r) = -5*r**3 + 2*r - 1 - r**2 + 10*r**3 + 0*r + 7*r**3. Suppose 0 = -9*d - 3*d + 24. What is the units digit of p(d)?
5
Let g = -31 + 44. Suppose 0 = -g*q + 527 + 2866. What is the units digit of q?
1
Suppose -257*a = -231*a - 244556. What is the tens digit of a?
0
Let z = 8 - 31. Let o = -21 + z. What is the hundreds digit of (-2627)/(-15) - o/(-330)?
1
Let u(k) = -k**2 + 8*k - 10. Let q be u(5). Let f be (1/(-6))/(-1) + 2636/24. Suppose 0 = -5*v + h - 20 + 241, -f = -2*v - q*h. What is the units digit of v?
5
Let d = -587 - -11225. What is the hundreds digit of d?
6
Suppose 0 = 19*d - 10*d - 71667. Suppose 3*n = 2*f + 4769, -16*n = -11*n + 4*f - d. What is the thousands digit of n?
1
Let l(c) = 2*c**2 - 6. Suppose 7*n = 3*n + 12. Suppose -2*u + 4 = 4*d - 0*u, 5*d - 27 = n*u. What is the tens digit of l(d)?
1
Let s(r) = -r**3 - 70*r**2 - 2*r + 707. What is the tens digit of s(-77)?
6
Suppose 0 = 1919*c - 1957*c + 1008786. What is the hundreds digit of c?
5
Let s(n) = -21*n + 13. Let b = 44 - 51. Let a be s(b). What is the tens digit of (66/(-4))/((-24)/a)?
1
Suppose 23*m - 4*m + 4*m = 182574. What is the hundreds digit of m?
9
Let q(y) = y**2 - 15*y + 4. Let a = 31 - 29. Suppose -192 = -a*g - 10*g. What is the units digit of q(g)?
0
Let s(x) = 3*x**3 - 4*x**2 + 2*x + 1. Let u be s(1). What is the tens digit of 3355/50 - 13 - u/20?
5
Suppose 5*k + 12306 = g, 2*g + 30*k = 29*k + 24568. What is the tens digit of g?
8
Let b = -55150 + 108086. What is the ten thousands digit of b?
5
Suppose -3*b + 7 = -2. Suppose b*h + 2*h = 310. Let f = 67 - h. What is the units digit of f?
5
Suppose 8*a = -7*a - 945. What is the tens digit of (-14)/a - 16325/(-45)?
6
Let k = 103 + -110. Let i be (-10)/6*(-6 + (-4 - k)). Suppose -i*d - 1368 = -11*d. What is the hundreds digit of d?
2
Suppose 1154 + 176 = -38*k. What is the units digit of 10/k + 31428/42?
8
Let b be (-418198)/(-99) + (-4)/18. Suppose -14*c + b = -8*c. What is the units digit of c?
4
Let g be (-32)/6*(-45)/(-10). Let o = g - -32. Let y(p) = 3*p**2 - 4*p - 9. What is the tens digit of y(o)?
5
Let x be 3 + (-5 - -6) + (2 - -24). Suppose 3*v = -z + 249, -109 + x = -v + z. What is the tens digit of v?
8
Let k = 18 - -46. What is the tens digit of k/112 + (-12483)/(-21)?
9
Suppose -27*v = -40*v + 48568. Suppose -n - 7*n + v = 0. What is the tens digit of n?
6
Let n(p) = -7*p + 7. Let g(r) = r - 10. Let m be g(13). Let i(l) = -l. Let d be i(m). What is the tens digit of n(d)?
2
Suppose 61*k - 532675 = -88*k. What is the hundreds digit of k?
5
Let h(c) = -c**3 + 12*c**2 + 27*c + 14. Let r be h(14). Suppose 3*w + r = -5*f - 20, -3*w - f = 4. Let v = w + 64. What is the tens digit of v?
6
Suppose 33*d - 35*d = 0. Suppose 0*m = -3*q + 3*m + 375, -4*q - 4*m + 484 = d. What is the tens digit of q?
2
Let q = -7169 + 16802. What is the tens digit of q?
3
Suppose 62235 = 13*j - 57872. What is the thousands digit of j?
9
Let h = -3482 - -6856. Suppose 91*y - 84*y = h. What is the hundreds digit of y?
4
Suppose -61*l = -71*l + 45255 + 94165. What is the hundreds digit of l?
9
Suppose -5*f = 67 - 77. Let u be f - 49/35 - (-883)/(-5). What is the units digit of 6/16 + (-48158)/u?
4
Let i = 7342 - 4739. What is the units digit of i?
3
Suppose 122*t = 142*t - 6120. What is the hundreds digit of t?
3
Suppose -76 = -4*h - 3*y - y, 2*h - y = 29. What is the tens digit of 67 - h/(-10)*(-40)/(-16)?
7
Suppose 4*k - 5*j - 56710 = 0, k - 123*j - 14176 = -121*j. What is the thousands digit of k?
4
Suppose 11*x = 14*x + r - 28, 0 = 4*x - r - 42. What is the units digit of (((-15700)/15)/x)/(6/(-27))?
1
Suppose -3*u + 2*r + 3 = 0, 4*u - 3 = -8*r + 11*r. Suppose 2*g = -2*n + 794, 5*n + 1114 = 4*g - 429. Suppose -y = u*y - g. What is the tens digit of y?
9
Suppose -5*z - 12*y + 911 = -9*y, 0 = 3*y - 6. Let n = 89 + z. What is the units digit of n?
0
Let h = 4918 - 772. What is the thousands digit of h?
4
Let f(u) = -2 - 164*u + 2. Suppose -29*m + 1 - 32 = -2. What is the tens digit of f(m)?
6
Let k = 43102 - 25639. What is the units digit of k?
3
Suppose y = 5*n + 3457, -2*n - 10301 = -3*y - n. Suppose -5*f = 7*f - y. What is the tens digit of f?
8
Let z(w) = w + 12. Let x(i) = -6*i**3 - 24*i**2 - 4. Let d be x(-4). What is the units digit of z(d)?
8
Let p(j) = -633*j + 1366. What is the units digit of p(-48)?
0
Suppose 37*d - 310579 = -100*d. What is the hundreds digit of d?
2
Let l = 434 - 431. Suppose 5*y - 903 = -3*k + 1191, -l*k = 2*y - 2103. What is the units digit of k?
3
Let g(d) be the first derivative of -7*d**2/2 + 21*d - 225. What is the units digit of g(-10)?
1
Let w = 325 + -322. Let u(k) be the second derivative of 13*k**4/12 - 3*k**3/2 + 11*k**2/2 - 4*k. What is the hundreds digit of u(w)?
1
Suppose -414*k = -410*k + 3*j - 283944, -2*k = 4*j - 141992. What is the ten thousands digit of k?
7
Suppose 34*m - 26612 - 94394 = 0. What is the units digit of m?
9
Suppose -12405 = -5*f + 2*s + 2*s, 10 = 2*s. Let d(n) = 10*n + 20. Let u be d(10). Suppose -f + u = -11*m. What is the units digit of m?
5
Let c be 1*30/(-6) - -7. Suppose -j - 208 = -c*j - 4*y, -3*j = -y - 650. What is the units digit of j?
6
Suppose 9*i - 9 - 36 = 0. Let c(p) = p**3 + 5*p - 7. What is the hundreds digit of c(i)?
1
Suppose 6*h + 2*o - 67164 = 0, 3*h + 1662 - 35262 = 5*o. What is the hundreds digit of h?
1
Suppose -30*f + 5*u + 8215 = -25*f, 1661 = f - 4*u. What is the units digit of f?
7
Let g(m) = -17*m - 105. Let p be g(24). Let l = -232 - p. What is the units digit of l?
1